 67
What are the prime factors of 12784664?
2, 139, 11497
What are the prime factors of 7754583?
3, 181, 14281
List the prime factors of 8811794.
2, 1307, 3371
List the prime factors of 60956.
2, 7, 311
What are the prime factors of 1298262?
2, 3, 7, 30911
What are the prime factors of 6197591?
19, 326189
What are the prime factors of 17494224?
2, 3, 11, 17, 1949
List the prime factors of 2047535.
5, 7, 19, 3079
List the prime factors of 11847808.
2, 7, 1889
What are the prime factors of 3784347?
3, 7, 20023
What are the prime factors of 9913683?
3, 13, 254197
What are the prime factors of 5611748?
2, 1402937
What are the prime factors of 1947209?
11, 177019
List the prime factors of 674843.
13, 23, 37, 61
What are the prime factors of 4835298?
2, 3, 13, 61991
List the prime factors of 124682.
2, 31, 2011
List the prime factors of 544604.
2, 173, 787
List the prime factors of 1584336.
2, 3, 13, 2539
What are the prime factors of 1693017?
3, 313, 601
What are the prime factors of 322956?
2, 3, 8971
List the prime factors of 1411494.
2, 3, 7, 4801
What are the prime factors of 466901?
139, 3359
List the prime factors of 30546116.
2, 23, 61, 5443
What are the prime factors of 233971?
17, 13763
List the prime factors of 546028.
2, 7, 19501
What are the prime factors of 1214289?
3, 134921
What are the prime factors of 19641433?
7, 97, 28927
What are the prime factors of 3615916?
2, 903979
What are the prime factors of 1195887?
3, 7, 11, 31, 167
List the prime factors of 276626.
2, 7, 19759
What are the prime factors of 1321894?
2, 7, 94421
What are the prime factors of 6305305?
5, 43, 29327
List the prime factors of 8332321.
67, 124363
What are the prime factors of 136769?
136769
List the prime factors of 1151046.
2, 3, 13, 4919
What are the prime factors of 420566?
2, 210283
What are the prime factors of 2532330?
2, 3, 5, 83, 113
What are the prime factors of 939648?
2, 3, 2447
What are the prime factors of 840872?
2, 89, 1181
List the prime factors of 7747060.
2, 5, 19, 29, 37
What are the prime factors of 86124?
2, 3, 7177
What are the prime factors of 468612?
2, 3, 4339
What are the prime factors of 9453451?
7, 53, 83, 307
List the prime factors of 7002651.
3, 59, 39563
What are the prime factors of 94864?
2, 7, 11
What are the prime factors of 161542?
2, 37, 59
List the prime factors of 1875291.
3, 11, 56827
List the prime factors of 10187546.
2, 5093773
List the prime factors of 5177666.
2, 13, 97, 2053
What are the prime factors of 5199539?
5199539
List the prime factors of 795922.
2, 167, 2383
What are the prime factors of 224242?
2, 112121
List the prime factors of 403391.
403391
What are the prime factors of 3448118?
2, 1724059
List the prime factors of 11823556.
2, 2955889
What are the prime factors of 788476?
2, 13, 59, 257
List the prime factors of 949726.
2, 149, 3187
What are the prime factors of 18499321?
18499321
List the prime factors of 218417.
218417
List the prime factors of 396774.
2, 3, 7, 47, 67
What are the prime factors of 4542693?
3, 1514231
List the prime factors of 1640880.
2, 3, 5, 43, 53
List the prime factors of 227806.
2, 113903
List the prime factors of 8500210.
2, 5, 850021
What are the prime factors of 3411259?
3411259
What are the prime factors of 94708?
2, 23677
List the prime factors of 5061496.
2, 11, 113, 509
List the prime factors of 113508.
2, 3, 1051
What are the prime factors of 14495764?
2, 17, 213173
List the prime factors of 4758440.
2, 5, 337, 353
What are the prime factors of 224628?
2, 3, 18719
What are the prime factors of 8295470?
2, 5, 829547
List the prime factors of 4423616.
2, 69119
List the prime factors of 335652.
2, 3, 83, 337
List the prime factors of 446183.
31, 37, 389
What are the prime factors of 9376225?
5, 375049
What are the prime factors of 18804848?
2, 31, 1223
What are the prime factors of 2812336?
2, 137, 1283
What are the prime factors of 285025?
5, 13, 877
What are the prime factors of 10414974?
2, 3, 1735829
What are the prime factors of 60569?
37, 1637
List the prime factors of 9489103.
13, 729931
What are the prime factors of 793578?
2, 3, 132263
What are the prime factors of 380574?
2, 3, 21143
What are the prime factors of 532018?
2, 266009
What are the prime factors of 3594435?
3, 5, 13, 18433
What are the prime factors of 3400964?
2, 7, 23, 5281
List the prime factors of 453494.
2, 197, 1151
What are the prime factors of 2099864?
2, 13, 61, 331
List the prime factors of 1041763.
59, 17657
What are the prime factors of 322438?
2, 263, 613
What are the prime factors of 746070?
2, 3, 5, 13, 1913
List the prime factors of 1496545.
5, 29, 10321
What are the prime factors of 146655?
3, 5, 3259
List the prime factors of 3532984.
2, 7, 13, 23, 211
List the prime factors of 2645437.
23, 115019
List the prime factors of 114893.
19, 6047
What are the prime factors of 270442?
2, 135221
List the prime factors of 25495853.
19, 107, 12541
What are the prime factors of 115292?
2, 19, 37, 41
List the prime factors of 269057.
269057
List the prime factors of 22988245.
5, 7, 379, 1733
List the prime factors of 267707.
11, 24337
List the prime factors of 5997666.
2, 3, 999611
What are the prime factors of 29804?
2, 7451
What are the prime factors of 164370?
2, 3, 5, 5479
What are the prime factors of 8138035?
5, 1627607
What are the prime factors of 321986?
2, 7, 109, 211
What are the prime factors of 159980?
2, 5, 19, 421
List the prime factors of 237799.
37, 6427
List the prime factors of 269653.
43, 6271
What are the prime factors of 1328740?
2, 5, 7, 9491
What are the prime factors of 23268851?
2003, 11617
List the prime factors of 7483830.
2, 3, 5, 313, 797
What are the prime factors of 16754338?
2, 8377169
What are the prime factors of 2237239?
31, 72169
List the prime factors of 531097.
7, 17, 4463
What are the prime factors of 1307067?
3, 19, 23, 997
What are the prime factors of 31487?
23, 37
List the prime factors of 3451928.
2, 29, 14879
List the prime factors of 9952104.
2, 3, 29, 79, 181
List the prime factors of 66225.
3, 5, 883
List the prime factors of 641295.
3, 5, 14251
What are the prime factors of 1020348?
2, 3, 7, 4049
What are the prime factors of 254737?
7, 151, 241
What are the prime factors of 2344719?
3, 13, 59, 1019
List the prime factors of 9354121.
7, 263, 5081
List the prime factors of 2025889.
263, 7703
List the prime factors of 201272.
2, 139, 181
What are the prime factors of 2784843?
3, 41, 7547
List the prime factors of 139545.
3, 5, 7, 443
What are the prime factors of 4821960?
2, 3, 5, 11, 13, 281
What are the prime factors of 2671062?
2, 3, 337, 1321
What are the prime factors of 26558860?
2, 5, 73, 18191
List the prime factors of 1068622.
2, 534311
What are the prime factors of 1638838?
2, 819419
List the prime factors of 222549.
3, 31, 2393
What are the prime factors of 2415408?
2, 3, 50321
What are the prime factors of 1501720?
2, 5, 11, 3413
What are the prime factors of 3734930?
2, 5, 139, 2687
List the prime factors of 810814.
2, 405407
What are the prime factors of 1851682?
2, 7, 132263
List the prime factors of 491196.
2, 3, 40933
What are the prime factors of 220883?
13, 1307
What are the prime factors of 87558?
2, 3, 14593
What are the prime factors of 503630?
2, 5, 50363
What are the prime factors of 485034?
2, 3, 11, 7349
What are the prime factors of 96784?
2, 23, 263
What are the prime factors of 112385?
5, 7, 13, 19
List the prime factors of 380314.
2, 11, 59, 293
List the prime factors of 647861.
647861
What are the prime factors of 33657113?
7, 19, 701
What are the prime factors of 162600?
2, 3, 5, 271
List the prime factors of 7113918.
2, 3, 7, 24197
What are the prime factors of 802856?
2, 100357
What are the prime factors of 386774?
2, 193387
What are the prime factors of 38973?
3, 11, 1181
List the prime factors of 147137.
147137
List the prime factors of 2408502.
2, 3, 401417
List the prime factors of 352944.
2, 3, 19, 43
What are the prime factors of 6239799?
3, 17, 2399
What are the prime factors of 290377?
17, 19, 29, 31
List the prime factors of 422614.
2, 37, 5711
List the prime factors of 494701.
139, 3559
List the prime factors of 3441019.
3441019
List the prime factors of 2880082.
2, 167, 8623
What are the prime fact